{"id":208,"date":"2020-02-26T08:58:05","date_gmt":"2020-02-26T07:58:05","guid":{"rendered":"https:\/\/wp.system-i-service.de\/?page_id=208"},"modified":"2025-07-21T15:33:12","modified_gmt":"2025-07-21T13:33:12","slug":"impressum","status":"publish","type":"page","link":"https:\/\/system-i-service.de\/?page_id=208","title":{"rendered":"Impressum"},"content":{"rendered":"<div id=\"c1198\" class=\"frame frame-default frame-type-text frame-layout-0 frame-background-none frame-no-backgroundimage frame-space-before-none frame-space-after-none\">\n<div class=\"frame-container\">\n<div class=\"frame-inner\">\n<h3>Angaben gem\u00e4\u00df \u00a7 5 TMG<\/h3>\n<p><strong><br \/>\nSYSTEMiService GmbH<\/strong><br \/>\nBlumenstr. 5<br \/>\n26624 S\u00fcdbrookmerland<\/p>\n<p>E-Mail:\u00a0<a href=\"&#109;a&#x69;l&#x74;o&#x3a;&#105;&#x6e;&#102;&#x6f;&#64;s&#x79;s&#x74;e&#x6d;&#45;&#x69;&#45;&#x73;&#101;&#x72;&#118;i&#x63;e&#x2e;d&#x65;\">&#x69;&#110;&#x66;&#x6f;&#64;&#x73;&#121;s&#x74;&#101;m&#x2d;&#105;&#x2d;&#x73;e&#x72;&#118;i&#x63;&#101;&#46;&#x64;&#101;<\/a><\/p>\n<p>Handelsregister: HRB 89113<br \/>\nRegistergericht: Amtsgericht D\u00fcsseldorf<\/p>\n<p><strong>Vertreten durch die Gesch\u00e4ftsf\u00fchrer:<\/strong><\/p>\n<p>Johannes Beckers und Peter Speer<\/p>\n<h3>Kontakt<\/h3>\n<p><strong><br \/>\nSYSTEMiService GmbH<\/strong><br \/>\nBlumenstr. 5<br \/>\n26624 S\u00fcdbrookmerland<\/p>\n<p>E-Mail:\u00a0<a href=\"&#109;&#x61;&#x69;l&#116;&#x6f;:&#105;&#x6e;f&#111;&#x40;s&#121;&#x73;&#x74;&#101;&#x6d;&#x2d;i&#45;&#x73;e&#114;&#x76;i&#99;&#x65;&#x2e;&#100;&#x65;\">in&#102;&#111;&#64;&#115;&#x79;&#x73;&#x74;&#x65;&#x6d;-i&#45;&#115;&#101;&#114;&#x76;&#x69;&#x63;&#x65;&#x2e;de<\/a><\/p>\n<h4>USt.-ID<\/h4>\n<p>USt.-ID: DE328736531<\/p>\n<h4>Streitschlichtung<\/h4>\n<p>Die Europ\u00e4ische Kommission stellt eine Plattform zur Online-Streitbeilegung (OS) bereit:\u00a0<a href=\"https:\/\/ec.europa.eu\/consumers\/odr\" target=\"_blank\" rel=\"noopener noreferrer\">https:\/\/ec.europa.eu\/consumers\/odr<\/a>.<br \/>\nUnsere E-Mail-Adresse finden Sie oben im Impressum.<\/p>\n<p>Wir sind nicht bereit oder verpflichtet, an Streitbeilegungsverfahren vor einer Verbraucherschlichtungsstelle teilzunehmen.<\/p>\n<p>Bitte beachten Sie unseren\u00a0<a href=\"https:\/\/www.onix.de\/disclaimer\/\">Haftungsausschluss\u00a0<\/a>und unsere\u00a0<a href=\"https:\/\/www.onix.de\/datenschutz\/\">Datenschutzerkl\u00e4rung<\/a>.<\/p>\n<\/div>\n<\/div>\n<\/div>\n<div id=\"c972\" class=\"frame frame-default frame-type-text frame-layout-0 frame-background-none frame-no-backgroundimage frame-space-before-none frame-space-after-none\">\n<div class=\"frame-container\">\n<div class=\"frame-inner\">\n<header class=\"frame-header\">\n<h4 class=\"element-header \">Bildnachweise<\/h4>\n<\/header>\n<p>\u00a9 Adobe Stock \/ vegefox.com, \u00a9 Adobe Stock \/ kras99<\/p>\n<p><strong>Konzept, Gestaltung &amp; Realisation dieser Internetseite<\/strong><\/p>\n<p>onix &#8211; Dienstleistungs- und Handels-GmbH<\/p>\n<p>Breite Stra\u00dfe 27<br \/>\n32657 Lemgo<\/p>\n<p><a href=\"https:\/\/www.onix.de\">https:\/\/www.onix.de<\/a><\/p>\n<\/div>\n<\/div>\n<\/div>\n","protected":false},"excerpt":{"rendered":"<p>Angaben gem\u00e4\u00df \u00a7 5 TMG SYSTEMiService GmbH Blumenstr. 5 26624 S\u00fcdbrookmerland E-Mail:\u00a0&#105;n&#102;o&#64;s&#x79;s&#x74;e&#x6d;-&#x69;-&#x73;e&#x72;v&#x69;c&#x65;&#46;&#x64;e Handelsregister: HRB 89113 Registergericht: Amtsgericht D\u00fcsseldorf Vertreten durch die Gesch\u00e4ftsf\u00fchrer: Johannes Beckers und Peter Speer Kontakt SYSTEMiService GmbH Blumenstr. 5 26624 S\u00fcdbrookmerland E-Mail:\u00a0&#105;&#x6e;&#x66;&#111;&#x40;&#x73;y&#x73;&#x74;e&#109;&#x2d;i&#45;&#x73;e&#114;&#x76;i&#99;&#x65;&#46;&#100;&#x65; USt.-ID USt.-ID: DE328736531 Streitschlichtung Die Europ\u00e4ische Kommission stellt eine Plattform zur Online-Streitbeilegung (OS) bereit:\u00a0https:\/\/ec.europa.eu\/consumers\/odr. Unsere E-Mail-Adresse finden Sie oben im [&hellip;]<\/p>\n","protected":false},"author":2,"featured_media":316,"parent":0,"menu_order":0,"comment_status":"closed","ping_status":"closed","template":"","meta":{"footnotes":""},"class_list":["post-208","page","type-page","status-publish","has-post-thumbnail","hentry"],"_links":{"self":[{"href":"https:\/\/system-i-service.de\/index.php?rest_route=\/wp\/v2\/pages\/208","targetHints":{"allow":["GET"]}}],"collection":[{"href":"https:\/\/system-i-service.de\/index.php?rest_route=\/wp\/v2\/pages"}],"about":[{"href":"https:\/\/system-i-service.de\/index.php?rest_route=\/wp\/v2\/types\/page"}],"author":[{"embeddable":true,"href":"https:\/\/system-i-service.de\/index.php?rest_route=\/wp\/v2\/users\/2"}],"replies":[{"embeddable":true,"href":"https:\/\/system-i-service.de\/index.php?rest_route=%2Fwp%2Fv2%2Fcomments&post=208"}],"version-history":[{"count":18,"href":"https:\/\/system-i-service.de\/index.php?rest_route=\/wp\/v2\/pages\/208\/revisions"}],"predecessor-version":[{"id":496,"href":"https:\/\/system-i-service.de\/index.php?rest_route=\/wp\/v2\/pages\/208\/revisions\/496"}],"wp:featuredmedia":[{"embeddable":true,"href":"https:\/\/system-i-service.de\/index.php?rest_route=\/wp\/v2\/media\/316"}],"wp:attachment":[{"href":"https:\/\/system-i-service.de\/index.php?rest_route=%2Fwp%2Fv2%2Fmedia&parent=208"}],"curies":[{"name":"wp","href":"https:\/\/api.w.org\/{rel}","templated":true}]}}